{"id":41,"date":"2014-12-11T19:32:48","date_gmt":"2014-12-11T19:32:48","guid":{"rendered":"http:\/\/pubweb.carnet.hr\/hdjk\/?page_id=41"},"modified":"2019-06-21T21:30:26","modified_gmt":"2019-06-21T21:30:26","slug":"drustvo","status":"publish","type":"page","link":"https:\/\/karljaspers.hr\/?page_id=41","title":{"rendered":"Dru\u0161tvo"},"content":{"rendered":"<p><a href=\"http:\/\/pubweb.carnet.hr\/hdjk\/wp-content\/uploads\/sites\/101\/2014\/07\/cropped-JASPERS_LOGO.png\"><img loading=\"lazy\" decoding=\"async\" class=\"aligncenter wp-image-21\" src=\"http:\/\/pubweb.carnet.hr\/hdjk\/wp-content\/uploads\/sites\/101\/2014\/07\/cropped-JASPERS_LOGO-300x300.png\" alt=\"cropped-JASPERS_LOGO.png\" width=\"178\" height=\"178\" srcset=\"https:\/\/karljaspers.hr\/wp-content\/uploads\/sites\/101\/2014\/07\/cropped-JASPERS_LOGO-300x300.png 300w, https:\/\/karljaspers.hr\/wp-content\/uploads\/sites\/101\/2014\/07\/cropped-JASPERS_LOGO-150x150.png 150w, https:\/\/karljaspers.hr\/wp-content\/uploads\/sites\/101\/2014\/07\/cropped-JASPERS_LOGO.png 591w\" sizes=\"auto, (max-width: 178px) 100vw, 178px\" \/><\/a><\/p>\n<p>&nbsp;<\/p>\n<p>Hrvatsko dru\u0161tvo \u00bbKarl Jaspers\u00ab osnovano je 2011. godine u Zagrebu s ciljem promicanja filozofije Karla Jaspersa kao i filozofije uop\u0107e. Dru\u0161tvo je u tom smislu osobito posve\u0107eno poticanju znanstvenih istra\u017eivanja Jaspersove filozofije unutar filozofije uop\u0107e. Jednako tako ciljevi Dru\u0161tva su pobu\u0111ivanje interesa \u0161ire javnosti za Jaspersovu filozofiju, te time i promoviranje i populariziranje doprinosa Jaspersove filozofije civilnom dru\u0161tvu i kulturi. Na tom tragu, kao svoje osnovne djelatnosti Dru\u0161tvo isti\u010de organiziranje znanstveno-stru\u010dna okupljanja, publiciranje prijevoda i originalnih djela iz filozofije i srodnih podru\u010dja, objavljivanje zbornika radova posve\u0107enih Jaspersovoj filozofiji i naro\u010dito ja\u010danje suradnje sa srodnim strukovnim organizacijama u Hrvatskoj i inozemstvu. \u010clanom Dru\u0161tva mo\u017ee postati svaka poslovno sposobna osoba vo\u0111ena interesom djelovanja u filozofiji i srodnim znanostima.<\/p>\n<p>Hrvatsko dru\u0161tvo \u201cKarl Jaspers\u201d \u010dlan je Me\u0111unarodnog udru\u017eenja Jaspers dru\u0161tava.<\/p>\n","protected":false},"excerpt":{"rendered":"<p>&nbsp; Hrvatsko dru\u0161tvo \u00bbKarl Jaspers\u00ab osnovano je 2011. godine u Zagrebu s ciljem promicanja filozofije Karla Jaspersa kao i filozofije uop\u0107e. Dru\u0161tvo je u tom smislu osobito posve\u0107eno poticanju znanstvenih istra\u017eivanja Jaspersove filozofije unutar filozofije uop\u0107e. Jednako tako ciljevi Dru\u0161tva &hellip;<\/p>\n<p class=\"read-more\"> <a class=\"more-link\" href=\"https:\/\/karljaspers.hr\/?page_id=41\"> <span class=\"screen-reader-text\">Dru\u0161tvo<\/span> Read More &raquo;<\/a><\/p>\n","protected":false},"author":95,"featured_media":0,"parent":0,"menu_order":1,"comment_status":"closed","ping_status":"closed","template":"full-width-page.php","meta":{"footnotes":""},"class_list":["post-41","page","type-page","status-publish","hentry"],"_links":{"self":[{"href":"https:\/\/karljaspers.hr\/index.php?rest_route=\/wp\/v2\/pages\/41","targetHints":{"allow":["GET"]}}],"collection":[{"href":"https:\/\/karljaspers.hr\/index.php?rest_route=\/wp\/v2\/pages"}],"about":[{"href":"https:\/\/karljaspers.hr\/index.php?rest_route=\/wp\/v2\/types\/page"}],"author":[{"embeddable":true,"href":"https:\/\/karljaspers.hr\/index.php?rest_route=\/wp\/v2\/users\/95"}],"replies":[{"embeddable":true,"href":"https:\/\/karljaspers.hr\/index.php?rest_route=%2Fwp%2Fv2%2Fcomments&post=41"}],"version-history":[{"count":1,"href":"https:\/\/karljaspers.hr\/index.php?rest_route=\/wp\/v2\/pages\/41\/revisions"}],"predecessor-version":[{"id":403,"href":"https:\/\/karljaspers.hr\/index.php?rest_route=\/wp\/v2\/pages\/41\/revisions\/403"}],"wp:attachment":[{"href":"https:\/\/karljaspers.hr\/index.php?rest_route=%2Fwp%2Fv2%2Fmedia&parent=41"}],"curies":[{"name":"wp","href":"https:\/\/api.w.org\/{rel}","templated":true}]}}