{"id":36,"date":"2014-12-11T19:07:26","date_gmt":"2014-12-11T19:07:26","guid":{"rendered":"http:\/\/pubweb.carnet.hr\/hdjk\/?page_id=36"},"modified":"2019-10-13T19:16:47","modified_gmt":"2019-10-13T19:16:47","slug":"dogadanja","status":"publish","type":"page","link":"https:\/\/karljaspers.hr\/?page_id=36","title":{"rendered":"Doga\u0111anja"},"content":{"rendered":"<p style=\"text-align: center\"><strong><a href=\"http:\/\/pubweb.carnet.hr\/hdjk\/wp-content\/uploads\/sites\/101\/2019\/10\/Jaspers-2019_Program.pdf\">International conference <em>Philosophy and Psychology of Worldviews<\/em><\/a><\/strong>,<\/p>\n<p style=\"text-align: center\">25 October 2019,<\/p>\n<p style=\"text-align: center\">Institut of Philosophy Zagreb.<\/p>\n<p style=\"text-align: center\">***<\/p>\n<p style=\"text-align: center\">U Parku prirode Papuk, u Planinarskom domu Jankovac, od 31. svibnja do 2. lipnja 2019. godine odr\u017ean je 3. znanstveno-stru\u010dni skup \u00bbFilozofija izme\u0111u znanosti i religije\u00ab, kojemu je ovogodi\u0161nja podtema bila \u00bbSloboda\u00ab. Skup su suorganizirali Hrvatsko dru\u0161tvo \u00bbKarl Jaspers\u00ab, Fakultet za odgojne i obrazovne znanosti u Osijeku, Institut za filozofiju u Zagrebu, Odsjek za filozofiju Filozofskog fakulteta u Zagrebu i Katoli\u010dki bogoslovni fakultet u Zagrebu. Ove je godine Skup okupio studente, doktorande i nastavnike filozofije iz Osijeka, talijanske Perugie, Rijeke, Zadra i Zagreba.<\/p>\n<p style=\"text-align: center\"><a href=\"http:\/\/pubweb.carnet.hr\/hdjk\/wp-content\/uploads\/sites\/101\/2019\/05\/HDKJ_Jankovac-Knjizica-sazetaka2019.pdf\">PROGRAM SKUPA I KNJI\u017dICA SA\u017dETAKA \/ BOOK OF ABSTRACTS AND PROGRAMME<\/a><\/p>\n<p style=\"text-align: center\">***<\/p>\n<p style=\"text-align: center\">U Parku prirode Papuk, izleti\u0161tu Jankovac, od 8.-10. 06. 2018. godine u organizaciji Filozofskog fakulteta u Osijeku i Hrvatskog dru\u0161tva \u00bbKarl Jaspers\u00ab\u00a0odr\u017ean je 2. znanstveno-stru\u010dni skup FILOZOFIJA IZME\u0110U ZNANOSTI I RELIGIJE.<\/p>\n<p style=\"text-align: center\"><a href=\"http:\/\/pubweb.carnet.hr\/hdjk\/wp-content\/uploads\/sites\/101\/2018\/06\/knjizica-jankovac-tisak.pdf\" target=\"_blank\" rel=\"noopener\">PROGRAM SKUPA I KNJI\u017dICA SA\u017dETAKA \/ BOOK OF ABSTRACTS AND PROGRAMME<\/a><\/p>\n<p style=\"text-align: center\">***<\/p>\n<p style=\"text-align: center\">Na Filozofskom fakultetu u Osijeku 16. studenoga 2017. godine predstavljen je zbornik radova <em>Heideggerov kraj<\/em>. <a href=\"https:\/\/www.facebook.com\/ffosijek\/photos\/a.369114739808039.104029.186801361372712\/1735168243202675\/?type=3&amp;theater\">O zborniku su govorili \u017darko Pai\u0107, Bo\u0161ko Pe\u0161i\u0107 i Rusmir \u0160adi\u0107<\/a>.<\/p>\n<p style=\"text-align: center\">***<\/p>\n<p style=\"text-align: center\">U Parku prirode Papuk, izleti\u0161tu Jankovac, od 2.-4. 06. 2017. godine u organizaciji Filozofskog fakulteta u Osijeku i Hrvatskog dru\u0161tva \u00bbKarl Jaspers\u00ab\u00a0odr\u017ean je 1. znanstveno-stru\u010dni skup FILOZOFIJA IZME\u0110U ZNANOSTI I RELIGIJE. Skup je uprili\u010den s nakanom da se u atmosferi akademskog dijaloga raspravi tematika koja svoj pristup znanosti, filozofiji i religiji izmje\u0161ta izvan klasi\u010dnih teorijskih koordinata i koja raspoznavanjem znakova oblikovanja nove epohe sebe ispostavlja kao kriti\u010dko sagledavanje njihovih najva\u017enijih pitanja.<\/p>\n<p style=\"text-align: center\"><a href=\"http:\/\/pubweb.carnet.hr\/hdjk\/?p=185\">PROGRAM SKUPA<\/a><\/p>\n<p style=\"text-align: center\">***<\/p>\n<p style=\"text-align: center\">Na Filozofskom fakultetu Sveu\u010dili\u0161ta u Tuzli 25. velja\u010de 2015. godine predstavljen je zbornik radova <em>Filozofija egzistencije Karla Jaspersa<\/em>. O zborniku\u00a0su govorili Sulejman Bosto, Enver Halilovi\u0107, Zlatan Deli\u0107, Bo\u0161ko Pe\u0161i\u0107 i Rusmir \u0160adi\u0107.<\/p>\n<p style=\"text-align: center\">***<\/p>\n<p style=\"text-align: center\">Internationales Karl Jaspers Symposium: &#8220;Das Werk von Karl Jaspers im Kontext der europ\u00e4ischen Philosophie&#8221;, 27. \u2013 31. Oktober 2014, Klingenthal\/Elsass<\/p>\n<p style=\"text-align: center\">***<\/p>\n<p style=\"text-align: center\">U okviru interdisciplinarnog simpozija s temom ESTETIKA I TEHNO-ZNANOSTI DANAS koji je odr\u017ean 18. lipnja 2014. godine u Vili Arko (Zagreb, Basari\u010dekova 24) predstavljen je zbornik radova <em>Filozofija egzistencije Karla Jaspersa<\/em>. O zborniku su\u00a0govorili \u017darko Pai\u0107, Danijel Tolvaj\u010di\u0107 i Bo\u0161ko Pe\u0161i\u0107.<\/p>\n","protected":false},"excerpt":{"rendered":"<p>International conference Philosophy and Psychology of Worldviews, 25 October 2019, Institut of Philosophy Zagreb. *** U Parku prirode Papuk, u Planinarskom domu Jankovac, od 31. svibnja do 2. lipnja 2019. godine odr\u017ean je 3. znanstveno-stru\u010dni skup \u00bbFilozofija izme\u0111u znanosti i &hellip;<\/p>\n<p class=\"read-more\"> <a class=\"more-link\" href=\"https:\/\/karljaspers.hr\/?page_id=36\"> <span class=\"screen-reader-text\">Doga\u0111anja<\/span> Read More &raquo;<\/a><\/p>\n","protected":false},"author":95,"featured_media":0,"parent":0,"menu_order":5,"comment_status":"closed","ping_status":"closed","template":"content-sidebar-half-page.php","meta":{"footnotes":""},"class_list":["post-36","page","type-page","status-publish","hentry"],"_links":{"self":[{"href":"https:\/\/karljaspers.hr\/index.php?rest_route=\/wp\/v2\/pages\/36","targetHints":{"allow":["GET"]}}],"collection":[{"href":"https:\/\/karljaspers.hr\/index.php?rest_route=\/wp\/v2\/pages"}],"about":[{"href":"https:\/\/karljaspers.hr\/index.php?rest_route=\/wp\/v2\/types\/page"}],"author":[{"embeddable":true,"href":"https:\/\/karljaspers.hr\/index.php?rest_route=\/wp\/v2\/users\/95"}],"replies":[{"embeddable":true,"href":"https:\/\/karljaspers.hr\/index.php?rest_route=%2Fwp%2Fv2%2Fcomments&post=36"}],"version-history":[{"count":3,"href":"https:\/\/karljaspers.hr\/index.php?rest_route=\/wp\/v2\/pages\/36\/revisions"}],"predecessor-version":[{"id":438,"href":"https:\/\/karljaspers.hr\/index.php?rest_route=\/wp\/v2\/pages\/36\/revisions\/438"}],"wp:attachment":[{"href":"https:\/\/karljaspers.hr\/index.php?rest_route=%2Fwp%2Fv2%2Fmedia&parent=36"}],"curies":[{"name":"wp","href":"https:\/\/api.w.org\/{rel}","templated":true}]}}

Događanja

<p style="text-align: center"><strong><a href="http://pubweb.carnet.hr/hdjk/wp-content/uploads/sites/101/2019/10/Jaspers-2019_Program.pdf">International conference <em>Philosophy and Psychology of Worldviews</em></a></strong>,</p>
<p style="text-align: center">25 October 2019,</p>
<p style="text-align: center">Institut of Philosophy Zagreb.</p>
<p style="text-align: center">***</p>
<p style="text-align: center">U Parku prirode Papuk, u Planinarskom domu Jankovac, od 31. svibnja do 2. lipnja 2019. godine održan je 3. znanstveno-stručni skup »Filozofija između znanosti i religije«, kojemu je ovogodišnja podtema bila »Sloboda«. Skup su suorganizirali Hrvatsko društvo »Karl Jaspers«, Fakultet za odgojne i obrazovne znanosti u Osijeku, Institut za filozofiju u Zagrebu, Odsjek za filozofiju Filozofskog fakulteta u Zagrebu i Katolički bogoslovni fakultet u Zagrebu. Ove je godine Skup okupio studente, doktorande i nastavnike filozofije iz Osijeka, talijanske Perugie, Rijeke, Zadra i Zagreba.</p>
<p style="text-align: center"><a href="http://pubweb.carnet.hr/hdjk/wp-content/uploads/sites/101/2019/05/HDKJ_Jankovac-Knjizica-sazetaka2019.pdf">PROGRAM SKUPA I KNJIŽICA SAŽETAKA / BOOK OF ABSTRACTS AND PROGRAMME</a></p>
<p style="text-align: center">***</p>
<p style="text-align: center">U Parku prirode Papuk, izletištu Jankovac, od 8.-10. 06. 2018. godine u organizaciji Filozofskog fakulteta u Osijeku i Hrvatskog društva »Karl Jaspers« održan je 2. znanstveno-stručni skup FILOZOFIJA IZMEĐU ZNANOSTI I RELIGIJE.</p>
<p style="text-align: center"><a href="http://pubweb.carnet.hr/hdjk/wp-content/uploads/sites/101/2018/06/knjizica-jankovac-tisak.pdf" target="_blank" rel="noopener">PROGRAM SKUPA I KNJIŽICA SAŽETAKA / BOOK OF ABSTRACTS AND PROGRAMME</a></p>
<p style="text-align: center">***</p>
<p style="text-align: center">Na Filozofskom fakultetu u Osijeku 16. studenoga 2017. godine predstavljen je zbornik radova <em>Heideggerov kraj</em>. <a href="https://www.facebook.com/ffosijek/photos/a.369114739808039.104029.186801361372712/1735168243202675/?type=3&amp;theater">O zborniku su govorili Žarko Paić, Boško Pešić i Rusmir Šadić</a>.</p>
<p style="text-align: center">***</p>
<p style="text-align: center">U Parku prirode Papuk, izletištu Jankovac, od 2.-4. 06. 2017. godine u organizaciji Filozofskog fakulteta u Osijeku i Hrvatskog društva »Karl Jaspers« održan je 1. znanstveno-stručni skup FILOZOFIJA IZMEĐU ZNANOSTI I RELIGIJE. Skup je upriličen s nakanom da se u atmosferi akademskog dijaloga raspravi tematika koja svoj pristup znanosti, filozofiji i religiji izmješta izvan klasičnih teorijskih koordinata i koja raspoznavanjem znakova oblikovanja nove epohe sebe ispostavlja kao kritičko sagledavanje njihovih najvažnijih pitanja.</p>
<p style="text-align: center"><a href="http://pubweb.carnet.hr/hdjk/?p=185">PROGRAM SKUPA</a></p>
<p style="text-align: center">***</p>
<p style="text-align: center">Na Filozofskom fakultetu Sveučilišta u Tuzli 25. veljače 2015. godine predstavljen je zbornik radova <em>Filozofija egzistencije Karla Jaspersa</em>. O zborniku su govorili Sulejman Bosto, Enver Halilović, Zlatan Delić, Boško Pešić i Rusmir Šadić.</p>
<p style="text-align: center">***</p>
<p style="text-align: center">Internationales Karl Jaspers Symposium: &#8220;Das Werk von Karl Jaspers im Kontext der europäischen Philosophie&#8221;, 27. – 31. Oktober 2014, Klingenthal/Elsass</p>
<p style="text-align: center">***</p>
<p style="text-align: center">U okviru interdisciplinarnog simpozija s temom ESTETIKA I TEHNO-ZNANOSTI DANAS koji je održan 18. lipnja 2014. godine u Vili Arko (Zagreb, Basaričekova 24) predstavljen je zbornik radova <em>Filozofija egzistencije Karla Jaspersa</em>. O zborniku su govorili Žarko Paić, Danijel Tolvajčić i Boško Pešić.</p>

<p>International conference Philosophy and Psychology of Worldviews, 25 October 2019, Institut of Philosophy Zagreb. *** U Parku prirode Papuk, u Planinarskom domu Jankovac, od 31. svibnja do 2. lipnja 2019. godine održan je 3. znanstveno-stručni skup »Filozofija između znanosti i &hellip;</p>
<p class="read-more"> <a class="more-link" href="https://karljaspers.hr/?page_id=36"> <span class="screen-reader-text">Događanja</span> Read More &raquo;</a></p>
